
False
Is 8149 a multiple of 29?
True
Is 1829 a multiple of 31?
True
Does 32 divide 4036?
False
Is 5008 a multiple of 11?
False
Is 148 even?
True
Is 297 a factor of 109890?
True
Is 50 a factor of 1150?
True
Is 22 a factor of 110?
True
Does 6 divide 1731?
False
Is 329 a multiple of 6?
False
Is 71 a factor of 43310?
True
Is 40 a factor of 1000?
True
Is 4 a factor of 332?
True
Is 2508 a multiple of 19?
True
Is 5494 a multiple of 62?
False
Is 31985 a multiple of 7?
False
Is 10 a factor of 92350?
True
Is 10 a factor of 12828?
False
Is 321 a multiple of 114?
False
Is 27 a factor of 654?
False
Does 98 divide 6762?
True
Does 7 divide 973?
True
Is 51 a multiple of 17?
True
Is 38 a factor of 10602?
True
Does 8 divide 10520?
True
Is 43 a factor of 658?
False
Is 26 a factor of 5401?
False
Does 19 divide 762?
False
Does 4 divide 6312?
True
Is 52 a factor of 11544?
True
Does 10 divide 19990?
True
Is 10631 a multiple of 133?
False
Does 5 divide 654?
False
Is 9 a factor of 18720?
True
Is 7 a factor of 2766?
False
Is 792 a multiple of 36?
True
Does 9 divide 415?
False
Is 17 a factor of 710?
False
Does 9 divide 14652?
True
Is 14371 a multiple of 35?
False
Is 5131 a multiple of 33?
False
Is 42120 a multiple of 15?
True
Is 80 a factor of 11920?
True
Does 8 divide 1976?
True
Is 51033 a multiple of 29?
False
Is 32 a factor of 1142?
False
Does 20 divide 1803?
False
Does 69 divide 16174?
False
Does 11 divide 118?
False
Is 1046 a multiple of 25?
False
Is 10 a factor of 53700?
True
Is 41 a factor of 319?
False
Is 100 a multiple of 4?
True
Is 40 a factor of 2681?
False
Does 32 divide 10397?
False
Does 5 divide 205?
True
Does 13 divide 9204?
True
Is 129 a multiple of 10?
False
Is 407 a multiple of 37?
True
Is 5886 a multiple of 47?
False
Is 193 a factor of 5588?
False
Does 9 divide 11538?
True
Is 1284 a multiple of 12?
True
Is 18807 a multiple of 10?
False
Is 22 a factor of 88?
True
Is 17 a factor of 35187?
False
Does 10 divide 2321?
False
Is 1170 a multiple of 65?
True
Does 21 divide 1197?
True
Is 7391 a multiple of 65?
False
Does 19 divide 874?
True
Does 43 divide 249?
False
Does 29 divide 6090?
True
Is 5160 a multiple of 40?
True
Is 43297 a multiple of 119?
False
Is 59 a factor of 1770?
True
Is 2199 a multiple of 18?
False
Is 603 a multiple of 3?
True
Is 3 a factor of 116?
False
Does 182 divide 5698?
False
Is 11 a factor of 1650?
True
Does 48 divide 192?
True
Is 70 a factor of 373?
False
Is 21470 a multiple of 95?
True
Does 76 divide 23712?
True
Does 18 divide 18?
True
Is 90 a multiple of 9?
True
Does 4 divide 1992?
True
Is 1158 a multiple of 23?
False
Is 2856 a multiple of 168?
True
Is 18 a factor of 19753?
False
Does 75 divide 20096?
False
Is 72 a factor of 4608?
True
Is 9379 a multiple of 14?
False
Is 15 a factor of 450?
True
Does 67 divide 603?
True
Does 15 divide 1317?
False
Does 12 divide 24121?
False
Does 31 divide 3875?
True
Does 14 divide 2633?
False
Is 6057 a multiple of 8?
False
Does 3 divide 1396?
False
Does 17 divide 15082?
False
Is 11452 a multiple of 20?
False
Does 18 divide 880?
False
Is 14 a factor of 1481?
False
Is 18 a factor of 2232?
True
Is 19 a factor of 32442?
False
Is 32 a factor of 14097?
False
Is 24 a factor of 2688?
True
Is 11 a factor of 1045?
True
Is 33 a factor of 1935?
False
Does 6 divide 190?
False
Does 19 divide 6021?
False
Is 152 a multiple of 7?
False
Does 92 divide 2944?
True
Is 88 a factor of 2904?
True
Is 8 a factor of 9255?
False
Does 73 divide 134206?
False
Is 40 a factor of 67829?
False
Is 1312 a multiple of 82?
True
Does 51 divide 12369?
False
Is 7 a factor of 473?
False
Is 9455 a multiple of 116?
False
Is 5047 a multiple of 103?
True
Is 715 a multiple of 13?
True
Does 7 divide 1876?
True
Does 117 divide 10720?
False
Is 13 a factor of 94380?
True
Is 87556 a multiple of 106?
True
Is 5586 a multiple of 6?
True
Does 13 divide 7067?
False
Is 46 a factor of 92?
True
Is 89 a factor of 4251?
False
Does 42 divide 4158?
True
Is 868 a multiple of 20?
False
Is 908 a multiple of 51?
False
Does 17 divide 81098?
False
Is 8 a factor of 5928?
True
Is 4323 a multiple of 160?
False
Is 3712 a multiple of 6?
False
Is 1100 a multiple of 20?
True
Does 9 divide 171?
True
Does 22 divide 2134?
True
Is 21 a factor of 11844?
True
Is 122 a factor of 1516?
False
Is 12 a factor of 17364?
True
Is 18 a factor of 2118?
False
Is 6 a factor of 300?
True
Is 13 a factor of 2931?
False
Does 10 divide 697?
False
Is 56 a factor of 60928?
True
Is 702 a multiple of 13?
True
Is 36 a factor of 10512?
True
Does 3 divide 3362?
False
Is 41 a factor of 861?
True
Is 5874 a multiple of 89?
True
Is 49 a factor of 11270?
True
Does 17 divide 12784?
True
Is 26 a factor of 78?
True
Is 13985 a multiple of 172?
False
Does 8 divide 491?
False
Is 69935 a multiple of 14?
False
Is 18 a factor of 17352?
True
Is 163 a factor of 7407?
False
Is 13 a factor of 5148?
True
Is 21 a factor of 147?
True
Does 9 divide 130563?
True
Is 45 a factor of 4509?
False
Does 72 divide 737?
False
Does 56 divide 504?
True
Does 37 divide 57711?
False
Is 719 a multiple of 3?
False
Is 32221 a multiple of 145?
False
Is 63 a factor of 91398?
False
Is 22860 a multiple of 20?
True
Does 120 divide 98606?
False
Is 52 a factor of 1738?
False
Does 55 divide 2640?
True
Does 28 divide 29145?
False
Does 17 divide 1819?
True
Is 5 a factor of 387?
False
Is 2104 a multiple of 14?
False
Is 47 a factor of 48?
False
Is 98 a factor of 4802?
True
Is 12 a factor of 251?
False
Is 5486 a multiple of 10?
False
Does 9 divide 483?
False
Is 830 a multiple of 4?
False
Is 4 a factor of 14796?
True
Is 272 a factor of 29758?
False
Is 34257 a multiple of 16?
False
Does 67 divide 3953?
True
Is 55 a factor of 51145?
False
Is 4 a factor of 10813?
False
Is 2487 a multiple of 27?
False
Is 13 a factor of 84376?
False
Is 8268 a multiple of 22?
False
Does 185 divide 555?
True
Is 10 a factor of 13685?
False
Is 48154 a multiple of 9?
False
Is 7641 a multiple of 9?
True
Does 9 divide 12195?
True
Is 6690 a multiple of 29?
False
Is 3238 a multiple of 8?
False
Is 5 a factor of 9826?
False
Is 8 a factor of 856?
True
Is 14 a factor of 21728?
True
Is 15 a factor of 1321?
False
Is 1291 a multiple of 47?
False
Is 19 a factor of 38?
True
Is 53 a multiple of 4?
False
Is 3604 a multiple of 68?
True
Is 169 a factor of 6850?
False
Does 32 divide 1600?
True
Is 912 a multiple of 38?
True
Does 4 divide 16?
True
Is 9135 a multiple of 105?
True
Is 16 a factor of 11997?
False
Is 11003 a multiple of 113?
False
Is 480 a multiple of 11?
False
Does 41 divide 14342?
False
Does 55 divide 1870?
True
Is 14 a factor of 2548?
True
Is 2616 a multiple of 19?
False
Is 67 a factor of 714?
False
Is 25 a factor of 408?
False
Is 497 a multiple of 15?
False
Is 82 a factor of 2542?
True
Is 189 a multiple of 63?
True
Does 47 divide 61213?
False
Does 29 divide 2378?
True
Does 9 divide 972?
True
Is 15 a factor of 36555?
True
Is 17 a factor of 30855?
True
Does 7 divide 43?
False
Does 144 divide 4608?
True
Is 3 a factor of 7684?
False
Is 45 a factor of 591?
False
Is 18 a factor of 11808?
True
Is 11906 a multiple of 19?
False
Does 2 divide 43?
False
Does 81 divide 5768?
False
Is 119 a factor of 42483?
True
Is 8 a factor of 1158?
False
Is 9 a factor of 378?
True
Does 28 divide 1214?
False
Is 17 a factor of 23103?
True
Is 17 a factor of 884?
True
Does 13 divide 117?
True
Does 134 divide 26264?
True
Is 4473 a multiple of 2?
False
Is 2086 a multiple of 42?
False
Is 662 a multiple of 7?
False
Is 4503 a multiple of 35?
False
Is 14 a factor of 14350?
True
Is 2 a factor of 182?
True
Is 855 a multiple of 20?
False
Is 14652 a multiple of 18?
True
Does 7 divide 30591?
False
Does 19 divide 11933?
False
Is 8 a factor of 1128?
True
Is 92685 a multiple of 185?
True
Does 5 divide 252?
False
Does 15 divide 243?
False
Is 1086 a multiple of 14?
False
Is 7597 a multiple of 6?
False
Does 22 divide 10256?
False
Does 67 divide 79?
False
Is 240 a multiple of 24?
True
Does 11 divide 23910?
False
Is 40 a factor of 80?
True
Is 5303 a multiple of 34?
False
Does 4 divide 965?
False
Is 15 a factor of 1650?
True
Does 78 divide 28236?
True
Is 58 a factor of 1218?
True
Is 1376 a multiple of 2?
True
Does 42 divide 15828?
False
Does 27 divide 60359?
False
Does 45 divide 180?
True
Is 11 a factor of 1056?
True
Is 15 a factor of